+ 9 = 3*f, 5*j + 2*f - 78 = u. What is the tens digit of j?
1
Suppose 0 = 2*r - 7*p + 2*p - 1692, -p - 1684 = -2*r. What is the hundreds digit of r?
8
Let p(j) = j**3 + 5*j**2 + j - 10. Let k be p(-3). What is the units digit of (1 - k/2)*(18 + -54)?
4
Let x be 2*1/(-2) - -4. Let k be (23/x)/(2/6). Let i = -14 + k. What is the units digit of i?
9
Let s = 31 + -20. Suppose -846 = 2*u - s*u. What is the units digit of u?
4
Let g(h) = h + 26. Let w be g(-23). Suppose 0 = -5*i + w*d + 823 + 37, i - 4*d - 172 = 0. What is the tens digit of i?
7
Let j be 35*(-4 + 2 + 4). Suppose 3*v + 6*h - 118 = h, -j = -2*v + h. What is the units digit of v?
6
Let j = -1740 - -2954. What is the tens digit of j?
1
Suppose 2*j = 5*g - g - 4284, -12 = 3*j. What is the hundreds digit of g?
0
Let h = -40 - -44. Suppose -2*z + 4*m = -29 - 1, -5*m = h*z - 112. What is the units digit of z?
3
Let w = -19 - -19. Suppose -5*s - 2*b - 144 + 415 = w, 0 = -4*s + 4*b + 228. What is the tens digit of s?
5
Let k(i) = -i**3 - 4*i**2 + 3*i - 6. Let p be k(-4). Let j(q) = -3*q + 12. What is the units digit of j(p)?
6
What is the hundreds digit of 178756/69 + 14/(-21)?
5
Let f(o) = -4*o - 14. Let w be f(-4). What is the tens digit of ((-1)/w)/(12/392)*-9?
4
Suppose -14*m + 75 - 19 = 0. Suppose -338 = -q - q - m*n, 3*q = 3*n + 516. What is the hundreds digit of q?
1
Let u(s) = s**3 - s**2. Let b be u(1). Suppose 0*x - x + 68 = b. What is the tens digit of x?
6
Suppose -14*b - 180 = -1384. What is the units digit of b?
6
Let n(x) = 89*x - 229. What is the thousands digit of n(27)?
2
Let j(h) = h**3 + 8*h**2 + 7*h + 3. Let q(o) = -o**3 - 5*o**2 - 2*o - 5. Let f be q(-5). Let p = f - 12. What is the units digit of j(p)?
3
What is the hundreds digit of ((7 - 1) + -131)/(2/(-4))?
2
Let x = 47 - 14. What is the units digit of 1 + ((-2)/11 - (-5088)/x)?
5
Suppose 0 = 24*k - 29*k + 25. Suppose o = 2*x - 75, k*x - 189 = -3*o + 7*o. What is the tens digit of x?
3
Let s = 259 + 227. What is the tens digit of s?
8
Let y = -148 - -151. What is the units digit of 1652/21 + -4 + 1/y?
5
Let y(t) = t - 7. Let n be y(11). Let u(k) = k**2 - 3*k - 2. Let w be u(n). Suppose w*f = -3*r + 39, -3*f = -0*f - r - 86. What is the tens digit of f?
2
What is the units digit of (5/(-10)*-1)/1*6982?
1
Let z = 8 - 28. Let c = 26 + z. What is the units digit of c?
6
Suppose 13 = -3*y + 4*v, 2 + 14 = 4*y + 3*v. Let t be y*(-6 + 3) - -3. What is the tens digit of (-68)/(-2) - t/(-6)?
3
Let t be 1/(2/(3 - 1)). Let j be -2 + (2 - (-2 - t)). What is the units digit of 0 + 5 + j + -3?
5
Let a(n) = 2*n + 543. What is the units digit of a(52)?
7
Let o(i) = -i**2 + 12*i + 3. Let h be o(12). Let b(c) = -h + 2 - 8 + 4*c - 12*c. What is the units digit of b(-4)?
3
Let g be 2/(-10) + (-1178)/10. Let k be 1/6*-3*g. Let c = 106 - k. What is the units digit of c?
7
Let w = 17 - 15. Suppose -3*u - g + 588 = 2*u, 237 = w*u + g. What is the hundreds digit of u?
1
What is the tens digit of 92*2/32*144?
2
Let w = -7 - 8. Let z be 6/w - 12/(-5). Suppose -z*i - 38 = -4*v, -v + 8 + 6 = 4*i. What is the units digit of v?
0
Let n(w) = 16*w**2 + 8*w + 9. Let o be n(-4). Suppose 3*c - 125 = -y, 3*y + o - 34 = 5*c. What is the tens digit of c?
4
Let f be (-3)/5*(-65)/78*124. Suppose 0 = -55*z + f*z - 1344. What is the units digit of z?
2
Suppose -r = -b + 59, -292 = 5*r - 8*b + 6*b. Let y = 194 - 286. Let j = r - y. What is the units digit of j?
4
Let v = -32 - -27. What is the tens digit of 404/8 - v/(-10)?
5
Suppose 5*r - 7*f + 4*f - 9037 = 0, -3*r = 4*f - 5428. What is the thousands digit of r?
1
Suppose -2*f + f = -5*o, 0 = -4*o + 5*f. Suppose g - 32 = -4*a + 43, -3*a = -4*g - 42. Suppose o = x - 0*x - a. What is the tens digit of x?
1
Let h be 2/3*-1*(-21)/2. Let x(r) = r**2 + 7*r - 10. What is the tens digit of x(h)?
8
Let y be (10/(-20))/(1/54). Let k(a) = a + 47. What is the tens digit of k(y)?
2
Suppose -o + 4*o = -54. Let y = 1 - o. Let j = -13 + y. What is the units digit of j?
6
Let j(h) be the third derivative of 3/8*h**4 + 1/120*h**6 + 0*h - 3*h**2 - 2/15*h**5 - 5/6*h**3 + 0. What is the tens digit of j(8)?
6
Suppose 0 = -83*a + 329835 - 55935. What is the hundreds digit of a?
3
Suppose -25 + 5 = r. Let v = 212 + r. What is the hundreds digit of v?
1
Suppose -4*l = 12, -2*d - 2*l + 4*l = 0. Suppose -29*m - 6 = -26*m. What is the units digit of (m/d)/((-2)/(-63))?
1
Let d = -2533 - -3782. What is the hundreds digit of d?
2
What is the hundreds digit of (-55605)/(-66) + 1/2?
8
Suppose 0 = -w - 5*b + 1316, -5*w + 1107 = -5*b - 5473. What is the hundreds digit of w?
3
Suppose -3*f + 9591 = -2*g, -2*f = 9*g - 4*g - 6375. What is the thousands digit of f?
3
Suppose -3*w - 35 = 2*w. Let q = 12 + w. Let t(f) = f**3 - 4*f**2 - 2*f + 2. What is the tens digit of t(q)?
1
Suppose -15 - 10 = 5*r. What is the tens digit of -2 + r + 239 + 4?
3
Let c(a) = -4*a - 58. Let q(n) = -n. Let g(d) = -c(d) + 8*q(d). What is the units digit of g(11)?
4
Let x = 165 + -29. Suppose 3*w + d - 102 - 94 = 0, -2*w + x = 2*d. What is the units digit of w?
4
Let u(r) = -54*r - 35. What is the hundreds digit of u(-8)?
3
Suppose -8 = -8*d + 6*d. Let k(a) = a**2 + 0 - 1 - 2 + a. What is the units digit of k(d)?
7
Suppose -4*h = 0, -3*f - 2*h = f. Suppose -2*d = -98 - 42. Suppose 5*j + 0*j - d = f. What is the tens digit of j?
1
Suppose 0 = 2*r + f - 155, -f + 94 + 140 = 3*r. Let w(k) = -k**3 - 3*k**2 - 5*k - 5. Let c be w(-4). Let a = r - c. What is the tens digit of a?
4
Let p be ((-8)/6)/(9/(-1674)). Let t = 356 - p. What is the units digit of t?
8
Let i = 646 + -276. Let t = i - 211. What is the units digit of t?
9
Let x(r) = r**2 + 19. What is the tens digit of x(-17)?
0
Let t = -1004 + 1365. What is the tens digit of t?
6
Let f be (-3 - 17)/4 - -2. Let m be ((-12)/2)/(f - -4). Let u(y) = -y**3 - 4*y**2 + 8*y + 7. What is the units digit of u(m)?
1
Let o = 90 + -31. Let n = o + -33. What is the units digit of (-4)/n - 706/(-26)?
7
Let h(t) = -t**2 - 44*t + 98. What is the units digit of h(-35)?
3
Let i(d) = -d**2 + 4*d + 12. Let g be i(5). Let s be 0*1/(2 + -1). Suppose s = -2*n + g*n - 120. What is the tens digit of n?
2
Let u(t) = 3*t**2 - 23*t - 2. What is the tens digit of u(11)?
0
Let p = 28 + -27. What is the tens digit of p + -3 - (868/(-7) - 7)?
2
Let c(n) = 3*n**3 - 18*n**2 + 4*n - 4. What is the hundreds digit of c(8)?
4
Let h be (-35)/10*24/(-14). Suppose o = h*o + 115. Let m = -10 - o. What is the units digit of m?
3
Suppose 0 = 2*r + 4*t - 2458, 5*r + 2*t = -0*t + 6177. What is the hundreds digit of r?
2
Let v(m) = m**2 + 4*m - 5. What is the tens digit of v(7)?
7
Let u(i) = 5*i**3 - 7*i**2 + 12*i - 13. Let k(o) = 14*o**3 - 21*o**2 + 36*o - 39. Let w(f) = 4*k(f) - 11*u(f). What is the units digit of w(6)?
3
Suppose t = 4*b - 56, -b + 4*t = -0*b + 1. Let j = 155 + b. What is the units digit of j?
0
Let q(x) = x**2 + 4*x - 7. Let g = 38 + -34. What is the units digit of q(g)?
5
Let j(v) = v**2 + 40*v + 303. What is the thousands digit of j(-58)?
1
Let u be (-45)/(-75) - (-57)/5. What is the tens digit of -150*(56/u)/(-7)?
0
Let x = 96 - -109. Suppose 6*s + 2*l - 34 = 3*s, -3*s + 20 = -5*l. Suppose s*c - 5*c = x. What is the tens digit of c?
4
Suppose v + 565 = 6*v. Let i = -52 + v. What is the tens digit of i?
6
Let n = 1384 + 1272. What is the tens digit of n?
5
Suppose 0 = 2*v + 2*q - 3944, 3*v - 5948 = 160*q - 155*q. What is the hundreds digit of v?
9
Let v(l) = -l**3 + 3*l**2 + 5*l + 43. What is the hundreds digit of v(-8)?
7
Suppose 2*x = -2*p - 302, 0 = 4*x - 3*p + 809 - 226. Let y = x - -240. Suppose 4*k - y = -4*j, j + 25 = 6*j. What is the tens digit of k?
1
Suppose j - 2*v = -6*v + 959, 0 = j + 2*v - 959. What is the units digit of j?
9
Let v(g) = 12*g**2 - 4*g - 6. Let h be v(-5). Let n = 492 - h. What is the units digit of n?
8
Let b(k) = -7*k**3 - 13*k + 6. What is the units digit of b(-6)?
6
Let f(t) be the first derivative of -t**2 - 8*t + 22*t - 4 + 9. What is the units digit of f(0)?
4
Suppose 3*a - 923 = -2*i - 0*i, -3*a - 2360 = -5*i. What is the tens digit of i?
6
Let u = 19 + -18. Suppose 3*n + 19 = -5. Let f = u - n. What is the units digit of f?
9
Suppose -4 = 2*u + 2. Let f be 2/(-3)*54/u. Suppose -78 = -14*h + f*h. What is t